134847?
True
Does 12 divide 8546748?
True
Is 721 a factor of 39884163?
False
Is 4 a factor of 13309108?
True
Does 4694 divide 472327847?
False
Does 3485 divide 385126497?
False
Is 9 a factor of 209145976?
False
Is 352 a factor of 1899525760?
True
Is 191190061 a multiple of 4?
False
Does 16 divide 507720960?
True
Does 59 divide 36392321?
True
Does 694 divide 680453120?
True
Does 3 divide 3307018?
False
Is 548349088 a multiple of 14?
True
Is 77 a factor of 12831742?
True
Does 13 divide 183132755?
True
Is 4099 a factor of 2709748421?
False
Is 19212710 a multiple of 3?
False
Does 29 divide 157461999?
False
Is 16203639 a multiple of 1963?
False
Is 199 a factor of 58333638?
False
Is 6 a factor of 15881116?
False
Is 23 a factor of 360618?
False
Does 882 divide 280795284?
True
Is 29 a factor of 62980460?
True
Is 11 a factor of 7106993?
False
Is 615172350 a multiple of 885?
True
Is 1094 a factor of 2285888177?
False
Is 31 a factor of 926642925?
False
Is 1629 a factor of 345113424?
True
Is 134287632 a multiple of 348?
True
Does 323 divide 878424317?
False
Is 604304991 a multiple of 47?
True
Is 121391700 a multiple of 115?
True
Is 809 a factor of 505490178?
False
Is 38401408 a multiple of 64?
True
Is 72835934 a multiple of 66?
False
Is 363 a factor of 109399125?
True
Is 170694832 a multiple of 1078?
True
Is 13 a factor of 1781688233?
True
Is 1653326 a multiple of 60?
False
Is 441014625 a multiple of 27?
True
Is 15 a factor of 241734315?
True
Is 28 a factor of 2075022320?
True
Is 48494391 a multiple of 807?
False
Does 38 divide 383380062?
True
Does 413 divide 37392273?
False
Is 508 a factor of 78615032?
True
Is 10 a factor of 410923?
False
Is 1068 a factor of 35360766?
False
Is 12409614 a multiple of 1322?
True
Is 1750808056 a multiple of 1264?
False
Is 53 a factor of 7249080?
False
Is 678 a factor of 416178427?
False
Is 249071109 a multiple of 21?
True
Does 119 divide 55686713?
False
Is 1667 a factor of 594515546?
True
Is 1096411410 a multiple of 4185?
True
Is 3761655 a multiple of 4?
False
Is 15 a factor of 2349559380?
True
Is 176042776 a multiple of 16?
False
Is 153336215 a multiple of 355?
True
Is 67602307 a multiple of 867?
False
Is 32 a factor of 3056256?
True
Does 7202 divide 808496520?
True
Is 96498416 a multiple of 76?
True
Does 12 divide 936591763?
False
Is 677 a factor of 7323786?
True
Is 122509430 a multiple of 10?
True
Is 12 a factor of 17582059?
False
Is 751 a factor of 15032952?
False
Is 155857305 a multiple of 2855?
True
Does 39 divide 289263848?
False
Is 444 a factor of 50942686?
False
Is 428794279 a multiple of 444?
False
Does 41 divide 40031375?
True
Is 77 a factor of 1011792731?
False
Is 344 a factor of 11315757?
False
Does 56 divide 120837667?
False
Is 7953726 a multiple of 336?
False
Is 42394159 a multiple of 1471?
False
Is 26372158 a multiple of 86?
True
Is 57304252 a multiple of 584?
False
Is 489708 a multiple of 172?
False
Is 4 a factor of 405701527?
False
Is 15 a factor of 776179289?
False
Is 114 a factor of 1167094950?
True
Is 2127 a factor of 97112605?
False
Is 7276362783 a multiple of 243?
False
Is 6077 a factor of 2667535612?
True
Does 10233 divide 1090489878?
True
Is 96843957 a multiple of 413?
True
Does 11 divide 710792?
False
Is 811931190 a multiple of 763?
True
Is 20753956 a multiple of 213?
False
Is 68592696 a multiple of 3?
True
Is 367 a factor of 35321312?
False
Does 11 divide 18495196?
False
Does 190 divide 10105910?
True
Is 705351227 a multiple of 24?
False
Is 8 a factor of 1901329?
False
Is 86445589 a multiple of 11?
False
Is 754 a factor of 28321637?
False
Is 27262854 a multiple of 15?
False
Is 2969120 a multiple of 32?
True
Is 30 a factor of 598248900?
True
Is 43 a factor of 4009250254?
True
Is 233426772 a multiple of 456?
False
Is 2651 a factor of 52595840?
True
Is 1788912109 a multiple of 21?
False
Is 257554032 a multiple of 293?
True
Is 67821942 a multiple of 51?
True
Is 20351143 a multiple of 41?
False
Is 176915745 a multiple of 11?
False
Does 1045 divide 663390035?
True
Is 2249507 a multiple of 20?
False
Is 3704 a factor of 227664911?
False
Does 2733 divide 46253292?
True
Is 51 a factor of 210916620?
True
Does 1424 divide 2308079008?
True
Is 49 a factor of 84296952?
False
Is 76 a factor of 6557584?
True
Is 4948435 even?
False
Does 87 divide 1130488266?
True
Is 26057620 a multiple of 115?
True
Is 92 a factor of 3350331517?
False
Is 272 a factor of 16493536?
True
Is 30663153 a multiple of 67?
True
Does 19 divide 7313442?
True
Is 6213749 a multiple of 112?
False
Does 15 divide 58060920?
True
Does 186 divide 80630070?
True
Does 133 divide 372023426?
False
Does 8 divide 681054656?
True
Is 4729 a factor of 5618570110?
False
Is 103876852 a multiple of 628?
True
Is 929792388 a multiple of 4?
True
Does 71 divide 4559864879?
True
Does 89 divide 1313520829?
True
Is 1334873 a multiple of 1226?
False
Is 1644456 a multiple of 24?
True
Is 520823695 a multiple of 7?
True
Is 12962944 a multiple of 8?
True
Does 123 divide 380897562?
False
Is 28054343 a multiple of 9?
False
Does 13 divide 475193668?
False
Does 473 divide 142968507?
True
Does 967 divide 5068131129?
True
Is 14585403 a multiple of 56?
False
Is 1456079124 a multiple of 276?
True
Is 146326020 a multiple of 12?
True
Does 11 divide 4331362266?
True
Is 77580363 a multiple of 2413?
True
Is 27 a factor of 2022212763?
True
Does 4 divide 58964372?
True
Is 4 a factor of 1080475852?
True
Does 1460 divide 1329244246?
False
Is 31721653 a multiple of 111?
False
Does 672 divide 209441679?
False
Is 59 a factor of 1662973508?
False
Does 5573 divide 1550586936?
True
Is 106 a factor of 446520675?
False
Is 3 a factor of 125834442?
True
Is 2225637 a multiple of 729?
True
Is 252048266 a multiple of 15?
False
Is 974532995 a multiple of 250?
False
Is 25 a factor of 1307856307?
False
Does 9 divide 892389861?
True
Does 1658 divide 537704322?
True
Does 9 divide 201022722?
True
Is 14 a factor of 206030461?
False
Does 10 divide 63642569?
False
Is 135961872 a multiple of 8?
True
Does 30 divide 7196370?
True
Is 2951388 a multiple of 514?
True
Is 400 a factor of 3407862000?
True
Is 59 a factor of 382286842?
True
Is 528432863 a multiple of 94?
False
Does 4068 divide 509272920?
True
Is 26250902 a multiple of 4?
False
Does 7325 divide 1122922500?
True
Is 298244423 a multiple of 19?
False
Is 5 a factor of 183439435?
True
Is 83034900 a multiple of 3055?
True
Does 9263 divide 1847390812?
False
Is 1416647122 a multiple of 2070?
False
Is 253977588 a multiple of 49?
False
Is 13 a factor of 260867975?
False
Does 331 divide 1184809014?
False
Is 2236287312 a multiple of 168?
True
Is 27365116 a multiple of 22?
False
Is 37525757 a multiple of 16?
False
Does 9465 divide 2039441991?
False
Does 13 divide 708624007?
True
Does 88 divide 41838544?
True
Does 3505 divide 64348283?
False
Does 83 divide 441892166?
True
Does 601 divide 717666550?
False
Does 307 divide 428477158?
False
Is 577697386 a multiple of 35?
False
Is 96244667 a multiple of 21?
False
Is 76534341 a multiple of 1858?
False
Is 41 a factor of 2649174?
True
Is 333359879 a multiple of 53?
False
Is 4999262968 a multiple of 3808?
False
Does 5 divide 152741230?
True
Does 552 divide 22417008?
False
Does 38 divide 2793904651?
False
Is 2496 a factor of 58269120?
True
Is 67 a factor of 33588108?
False
Is 35 a factor of 2423995?
True
Is 871 a factor of 39977556?
False
Is 17554854 a multiple of 202?
False
Does 10 divide 47829950?
True
Is 89076159 a multiple of 2785?
False
Is 28 a factor of 3045897333?
False
Is 53207676 a multiple of 1454?
True
Is 41294104 a multiple of 29?
False
Does 442 divide 18005312?
True
Is 77099532 a multiple of 12?
True
Is 32 a factor of 60159968?
True
Is 437493420 a multiple of 2262?
True
Does 208 divide 403936?
True
Does 259 divide 65195849?
False
Is 259 a factor of 1251904213?
True
Is 27 a factor of 172623231?
True
Is 1866 a factor of 255156840?
True
Is 7 a factor of 29376613?
True
Is 3545 a factor of 741987447?
False
Does 52 divide 221090455?
False
Does 922 divide 694248575?
False
Is 417735769 a multiple of 18?
False
Does 5 divide 18181545?
True
Is 94 a factor of 2831162171?
False
Does 1594 divide 1619593246?
False
Does 12 divide 49981512?
True
Does 23 divide 525638780?
True
Is 2982327596 a multiple of 62?
True
Does 288 divide 11